e highest common divisor of 2301 and 13629.
177
What is the greatest common divisor of 40 and 27180?
20
Calculate the highest common divisor of 16836 and 6036.
12
What is the greatest common divisor of 85520 and 720?
80
Calculate the greatest common divisor of 414 and 11706.
6
Calculate the highest common factor of 11957 and 77.
11
Calculate the highest common factor of 13245 and 1020.
15
What is the highest common factor of 560005 and 470?
235
Calculate the greatest common factor of 445596 and 6.
6
What is the greatest common divisor of 28 and 3728942?
14
Calculate the highest common divisor of 119 and 22442.
7
What is the highest common factor of 2514 and 5733177?
1257
Calculate the highest common factor of 6375 and 1452225.
1275
Calculate the greatest common factor of 50 and 89990.
10
Calculate the greatest common factor of 9856 and 10934.
154
What is the highest common factor of 96642 and 294?
42
What is the greatest common factor of 2786 and 2044?
14
Calculate the highest common divisor of 6050 and 260.
10
Calculate the highest common factor of 364 and 524.
4
What is the highest common factor of 233858 and 2?
2
What is the greatest common divisor of 38 and 128022?
38
What is the greatest common factor of 44 and 948332?
44
What is the highest common divisor of 3 and 133551?
3
What is the highest common factor of 11659 and 42008?
89
Calculate the highest common factor of 107226 and 518.
518
Calculate the highest common divisor of 73994 and 2.
2
Calculate the highest common divisor of 30 and 3836070.
30
What is the highest common divisor of 7563 and 96?
3
What is the highest common divisor of 26 and 152412?
26
Calculate the highest common divisor of 105850 and 250.
50
What is the greatest common divisor of 62 and 55614?
62
Calculate the highest common divisor of 77456 and 32.
16
What is the greatest common divisor of 220 and 13145?
55
Calculate the highest common divisor of 350 and 112875.
175
Calculate the greatest common factor of 112995 and 216.
27
Calculate the greatest common factor of 527476 and 8.
4
What is the greatest common divisor of 1544193 and 14?
7
What is the greatest common divisor of 40 and 2705?
5
Calculate the greatest common divisor of 4941 and 660447.
1647
What is the greatest common factor of 2888 and 4720436?
1444
What is the greatest common divisor of 814 and 6068?
74
Calculate the greatest common divisor of 1806658 and 42.
14
Calculate the highest common divisor of 7621526 and 22.
22
Calculate the greatest common divisor of 289036 and 11.
11
What is the highest common factor of 6896216 and 94?
94
Calculate the highest common factor of 3054 and 255518.
1018
Calculate the highest common divisor of 102507 and 282.
141
What is the greatest common factor of 480 and 456480?
480
What is the greatest common factor of 341 and 62000?
31
Calculate the highest common factor of 5067 and 2187.
9
Calculate the highest common divisor of 168012 and 91.
13
Calculate the highest common divisor of 95 and 1016880.
95
What is the greatest common divisor of 2668 and 52693?
667
Calculate the greatest common divisor of 312 and 3328.
104
What is the highest common factor of 70597 and 2488?
311
Calculate the greatest common factor of 846395 and 275.
55
Calculate the highest common divisor of 122 and 22021.
61
Calculate the greatest common divisor of 3774 and 1734.
102
Calculate the greatest common divisor of 150 and 13605.
15
Calculate the greatest common divisor of 7480 and 686180.
220
What is the greatest common divisor of 536904 and 36?
36
Calculate the greatest common divisor of 189 and 22167.
27
Calculate the greatest common divisor of 591 and 261025.
197
What is the highest common factor of 32 and 37216?
32
What is the greatest common factor of 888 and 136?
8
What is the greatest common divisor of 5713 and 5516?
197
Calculate the greatest common divisor of 6963 and 2640.
33
Calculate the highest common factor of 229955 and 154.
11
What is the highest common factor of 27563 and 172?
43
Calculate the highest common factor of 24895 and 728.
13
Calculate the highest common factor of 57311 and 1.
1
Calculate the greatest common factor of 17738622 and 22.
22
What is the greatest common factor of 192723 and 454?
227
What is the highest common divisor of 1108898 and 7?
7
What is the highest common divisor of 98 and 83839?
49
What is the greatest common divisor of 128161 and 2013?
671
What is the highest common factor of 12 and 11065200?
12
Calculate the highest common divisor of 514 and 6910473.
257
Calculate the greatest common divisor of 107 and 84209.
107
What is the greatest common factor of 1781 and 40689?
137
Calculate the greatest common factor of 494 and 402363.
247
What is the highest common factor of 2627 and 171902?
37
What is the highest common factor of 150612 and 420?
84
Calculate the greatest common divisor of 2298 and 1698.
6
What is the greatest common divisor of 93991 and 193?
193
What is the highest common divisor of 956385 and 18?
9
What is the highest common divisor of 175 and 56300?
25
What is the greatest common divisor of 14 and 45206?
14
Calculate the highest common factor of 6576751 and 199.
199
Calculate the highest common factor of 47650 and 50.
50
Calculate the highest common divisor of 1335588 and 204.
204
Calculate the highest common factor of 64 and 2018.
2
Calculate the greatest common divisor of 1377874 and 1146.
382
Calculate the highest common factor of 362894 and 7.
7
Calculate the highest common divisor of 1349 and 37449.
19
Calculate the highest common divisor of 69744 and 48.
48
Calculate the highest common factor of 1065 and 56800.
355
What is the greatest common factor of 7898 and 583?
11
Calculate the highest common divisor of 606 and 942.
6
What is the greatest common factor of 81174 and 6972?
498
What is the greatest common factor of 1376 and 92364?
172
Calculate the highest common divisor of 18247 and 1799.
257
Calculate the highest common divisor of 2432 and 24512.
64
What is the highest common divisor of 109284 and 4?
4
What is the highest common factor of 74970 and 1309?
119
What is the greatest common factor of 377 and 2925?
13
Calculate the highest common divisor of 5 and 9003065.
5
Calculate the highest common factor of 35280 and 666.
18
What is the highest common divisor of 579716 and 148?
148
What is the highest common divisor of 38980 and 560?
20
What is the greatest common divisor of 120 and 12280?
40
What is the greatest common factor of 206784 and 6?
6
Calculate the highest common divisor of 1424 and 1744.
16
What is the greatest common factor of 250 and 424000?
250
Calculate the greatest common factor of 243 and 64449.
27
Calculate the highest common factor of 15433 and 10511.
23
Calculate the highest common divisor of 312 and 158600.
104
What is the greatest common factor of 793088 and 320?
64
What is the greatest common factor of 63 and 303957?
9
What is the highest common factor of 1274 and 104?
26
What is the greatest common factor of 6358 and 190451?
289
What is the greatest common divisor of 44 and 312598?
22
Calculate the greatest common divisor of 5200 and 350480.
1040
Calculate the greatest common factor of 15675 and 231.
33
What is the greatest common divisor of 154935 and 648?
9
What is the highest common factor of 62426 and 13832?
182
What is the greatest common divisor of 8726538 and 61?
61
What is the highest common factor of 251322 and 258?
6
Calculate the greatest common factor of 78400 and 29600.
800
Calculate the greatest common factor of 941684 and 7146.
794
What is the greatest common divisor of 130724 and 33?
11
What is the highest common factor of 28938 and 91182?
546
What is the greatest common factor of 27694 and 976?
122
What is the highest common factor of 871 and 23192?
13
What is the highest common factor of 138 and 6441702?
138
What is the highest common factor of 298179 and 9?
9
What is the highest common factor of 222202 and 15424?
482
What is the highest common divisor of 103074 and 1230?
246
Calculate the greatest common factor of 42784 and 2.
2
What is the greatest common divisor of 25 and 469275?
25
Calculate the highest common factor of 681 and 11382234.
681
What is the highest common factor of 1384199 and 3236?
809
Calculate the highest common di